{"id":32,"date":"2026-03-27T15:59:39","date_gmt":"2026-03-27T14:59:39","guid":{"rendered":"https:\/\/ea7or.es\/?page_id=32"},"modified":"2026-03-27T16:36:35","modified_gmt":"2026-03-27T15:36:35","slug":"curso-telegrafia","status":"publish","type":"page","link":"https:\/\/ea7or.es\/index.php\/curso-telegrafia\/","title":{"rendered":"Curso Telegraf\u00eda"},"content":{"rendered":"\n<p>Sin duda alguna mi pasi\u00f3n por la radio est\u00e1 fundamentada en la pr\u00e1ctica de la telegraf\u00eda. Me gustan los concursos de CW, los DX y los simples QSOs donde intercambiar informaci\u00f3n de condiciones de equipos, el tiempo, datos de edad y familiares, etc. Fue la primera modalidad que practiqu\u00e9 tan pronto obtuve mi primer indicativo. Lo aprend\u00ed por necesidad pues era obligatorio en aquellos a\u00f1os para obtener el indicativo de radioaficionado. Siempre me llam\u00f3 la atenci\u00f3n el c\u00f3digo Morse. Por ese motivo, y tras muchos a\u00f1os de practicarlo me decid\u00ed a ense\u00f1arlo. Ese es el motivo por el que hice este curso para aquellos que como yo, les atraiga esta modalidad de comunicaci\u00f3n. Les puedo prometer que no es dif\u00edcil, que se puede aprender en pocos d\u00edas, y luego, con la pr\u00e1ctica perfesionarlo. El secreto es <strong>NO CONTAR PUNTOS Y RAYAS<\/strong>. Vamos a ello.<\/p>\n\n\n\n<figure class=\"wp-block-embed is-type-video is-provider-youtube wp-block-embed-youtube wp-embed-aspect-16-9 wp-has-aspect-ratio\"><div class=\"wp-block-embed__wrapper\">\n<iframe loading=\"lazy\" title=\"CURSO DE TELEGRAFIA 2021\" width=\"1200\" height=\"675\" src=\"https:\/\/www.youtube.com\/embed\/Zfgm7XJYaqc?feature=oembed\" frameborder=\"0\" allow=\"accelerometer; autoplay; clipboard-write; encrypted-media; gyroscope; picture-in-picture; web-share\" referrerpolicy=\"strict-origin-when-cross-origin\" allowfullscreen><\/iframe>\n<\/div><\/figure>\n\n\n\n<figure class=\"wp-block-embed is-type-video is-provider-youtube wp-block-embed-youtube wp-embed-aspect-16-9 wp-has-aspect-ratio\"><div class=\"wp-block-embed__wrapper\">\n<iframe loading=\"lazy\" title=\"CURSO DE TELEGRAF\u00cdA CLASE 1\" width=\"1200\" height=\"675\" src=\"https:\/\/www.youtube.com\/embed\/EY617-TEx_I?feature=oembed\" frameborder=\"0\" allow=\"accelerometer; autoplay; clipboard-write; encrypted-media; gyroscope; picture-in-picture; web-share\" referrerpolicy=\"strict-origin-when-cross-origin\" allowfullscreen><\/iframe>\n<\/div><\/figure>\n\n\n\n<figure class=\"wp-block-embed is-type-video is-provider-youtube wp-block-embed-youtube wp-embed-aspect-16-9 wp-has-aspect-ratio\"><div class=\"wp-block-embed__wrapper\">\n<iframe loading=\"lazy\" title=\"CURSO DE TELEGRAF\u00cdA CLASE 2\" width=\"1200\" height=\"675\" src=\"https:\/\/www.youtube.com\/embed\/ig2uP2bSWRo?feature=oembed\" frameborder=\"0\" allow=\"accelerometer; autoplay; clipboard-write; encrypted-media; gyroscope; picture-in-picture; web-share\" referrerpolicy=\"strict-origin-when-cross-origin\" allowfullscreen><\/iframe>\n<\/div><\/figure>\n\n\n\n<figure class=\"wp-block-embed is-type-video is-provider-youtube wp-block-embed-youtube wp-embed-aspect-4-3 wp-has-aspect-ratio\"><div class=\"wp-block-embed__wrapper\">\n<iframe loading=\"lazy\" title=\"CURSO DE TELEGRAF\u00cdA  CLASE 3\" width=\"1200\" height=\"900\" src=\"https:\/\/www.youtube.com\/embed\/NYBIOERt-BI?feature=oembed\" frameborder=\"0\" allow=\"accelerometer; autoplay; clipboard-write; encrypted-media; gyroscope; picture-in-picture; web-share\" referrerpolicy=\"strict-origin-when-cross-origin\" allowfullscreen><\/iframe>\n<\/div><\/figure>\n\n\n\n<figure class=\"wp-block-embed is-type-video is-provider-youtube wp-block-embed-youtube wp-embed-aspect-16-9 wp-has-aspect-ratio\"><div class=\"wp-block-embed__wrapper\">\n<iframe loading=\"lazy\" title=\"Curso de telegraf\u00eda clase 4 - 1\u00aa Parte\" width=\"1200\" height=\"675\" src=\"https:\/\/www.youtube.com\/embed\/ciAoCxVs0PA?feature=oembed\" frameborder=\"0\" allow=\"accelerometer; autoplay; clipboard-write; encrypted-media; gyroscope; picture-in-picture; web-share\" referrerpolicy=\"strict-origin-when-cross-origin\" allowfullscreen><\/iframe>\n<\/div><\/figure>\n\n\n\n<figure class=\"wp-block-embed is-type-video is-provider-youtube wp-block-embed-youtube wp-embed-aspect-16-9 wp-has-aspect-ratio\"><div class=\"wp-block-embed__wrapper\">\n<iframe loading=\"lazy\" title=\"CURSO DE TELEGRAF\u00cdA CLASE 4 - 2\u00aa PARTE\" width=\"1200\" height=\"675\" src=\"https:\/\/www.youtube.com\/embed\/qfsheiBYrO0?feature=oembed\" frameborder=\"0\" allow=\"accelerometer; autoplay; clipboard-write; encrypted-media; gyroscope; picture-in-picture; web-share\" referrerpolicy=\"strict-origin-when-cross-origin\" allowfullscreen><\/iframe>\n<\/div><\/figure>\n\n\n\n<figure class=\"wp-block-embed is-type-video is-provider-youtube wp-block-embed-youtube wp-embed-aspect-16-9 wp-has-aspect-ratio\"><div class=\"wp-block-embed__wrapper\">\n<iframe loading=\"lazy\" title=\"CURSO DE TELEGRAF\u00cdA CLASE 5\" width=\"1200\" height=\"675\" src=\"https:\/\/www.youtube.com\/embed\/RmC32B4vR5M?feature=oembed\" frameborder=\"0\" allow=\"accelerometer; autoplay; clipboard-write; encrypted-media; gyroscope; picture-in-picture; web-share\" referrerpolicy=\"strict-origin-when-cross-origin\" allowfullscreen><\/iframe>\n<\/div><\/figure>\n\n\n\n<figure class=\"wp-block-embed is-type-video is-provider-youtube wp-block-embed-youtube wp-embed-aspect-16-9 wp-has-aspect-ratio\"><div class=\"wp-block-embed__wrapper\">\n<iframe loading=\"lazy\" title=\"CURSO DE TELEGRAFIA CLASE 6 LOS N\u00daMEROS\" width=\"1200\" height=\"675\" src=\"https:\/\/www.youtube.com\/embed\/TLg7l4mgDJo?feature=oembed\" frameborder=\"0\" allow=\"accelerometer; autoplay; clipboard-write; encrypted-media; gyroscope; picture-in-picture; web-share\" referrerpolicy=\"strict-origin-when-cross-origin\" allowfullscreen><\/iframe>\n<\/div><\/figure>\n\n\n\n<figure class=\"wp-block-embed is-type-video is-provider-youtube wp-block-embed-youtube wp-embed-aspect-16-9 wp-has-aspect-ratio\"><div class=\"wp-block-embed__wrapper\">\n<iframe loading=\"lazy\" title=\"CURSO DE TELEGRAF\u00cdA CLASE 7\u00aa LAS ABREVIATURAS\" width=\"1200\" height=\"675\" src=\"https:\/\/www.youtube.com\/embed\/8cMFeHT4m1s?feature=oembed\" frameborder=\"0\" allow=\"accelerometer; autoplay; clipboard-write; encrypted-media; gyroscope; picture-in-picture; web-share\" referrerpolicy=\"strict-origin-when-cross-origin\" allowfullscreen><\/iframe>\n<\/div><\/figure>\n\n\n\n<figure class=\"wp-block-embed is-type-video is-provider-youtube wp-block-embed-youtube wp-embed-aspect-16-9 wp-has-aspect-ratio\"><div class=\"wp-block-embed__wrapper\">\n<iframe loading=\"lazy\" title=\"CURSO DE TELEGRAF\u00cdA CLASE 8\u00aa LOS SIGNOS\" width=\"1200\" height=\"675\" src=\"https:\/\/www.youtube.com\/embed\/0tTrUDVYV8g?feature=oembed\" frameborder=\"0\" allow=\"accelerometer; autoplay; clipboard-write; encrypted-media; gyroscope; picture-in-picture; web-share\" referrerpolicy=\"strict-origin-when-cross-origin\" allowfullscreen><\/iframe>\n<\/div><\/figure>\n\n\n\n<figure class=\"wp-block-embed is-type-video is-provider-youtube wp-block-embed-youtube wp-embed-aspect-16-9 wp-has-aspect-ratio\"><div class=\"wp-block-embed__wrapper\">\n<iframe loading=\"lazy\" title=\"CURSO DE TELEGRAF\u00cdA CLASE 9 ABREVIATURAS\" width=\"1200\" height=\"675\" src=\"https:\/\/www.youtube.com\/embed\/eZcmBoJoVYo?feature=oembed\" frameborder=\"0\" allow=\"accelerometer; autoplay; clipboard-write; encrypted-media; gyroscope; picture-in-picture; web-share\" referrerpolicy=\"strict-origin-when-cross-origin\" allowfullscreen><\/iframe>\n<\/div><\/figure>\n\n\n\n<figure class=\"wp-block-embed is-type-video is-provider-youtube wp-block-embed-youtube wp-embed-aspect-16-9 wp-has-aspect-ratio\"><div class=\"wp-block-embed__wrapper\">\n<iframe loading=\"lazy\" title=\"CURSO DE TELEGRAF\u00cdA CLASE 9 QSO - EL REPORTE\" width=\"1200\" height=\"675\" src=\"https:\/\/www.youtube.com\/embed\/4KHSiiYYGrY?feature=oembed\" frameborder=\"0\" allow=\"accelerometer; autoplay; clipboard-write; encrypted-media; gyroscope; picture-in-picture; web-share\" referrerpolicy=\"strict-origin-when-cross-origin\" allowfullscreen><\/iframe>\n<\/div><\/figure>\n\n\n\n<figure class=\"wp-block-embed is-type-video is-provider-youtube wp-block-embed-youtube wp-embed-aspect-16-9 wp-has-aspect-ratio\"><div class=\"wp-block-embed__wrapper\">\n<iframe loading=\"lazy\" title=\"CURSO DE TELEGRAFIA CLASE 9\u00aa QSO - EL QTC\" width=\"1200\" height=\"675\" src=\"https:\/\/www.youtube.com\/embed\/XjZL3d4ipOg?feature=oembed\" frameborder=\"0\" allow=\"accelerometer; autoplay; clipboard-write; encrypted-media; gyroscope; picture-in-picture; web-share\" referrerpolicy=\"strict-origin-when-cross-origin\" allowfullscreen><\/iframe>\n<\/div><\/figure>\n\n\n\n<figure class=\"wp-block-embed is-type-video is-provider-youtube wp-block-embed-youtube wp-embed-aspect-16-9 wp-has-aspect-ratio\"><div class=\"wp-block-embed__wrapper\">\n<iframe loading=\"lazy\" title=\"CURSO DE TELEGRAF\u00cdA CLASE 10 QSO - LA DESPEDIDA\" width=\"1200\" height=\"675\" src=\"https:\/\/www.youtube.com\/embed\/Fj53KB7dxSI?feature=oembed\" frameborder=\"0\" allow=\"accelerometer; autoplay; clipboard-write; encrypted-media; gyroscope; picture-in-picture; web-share\" referrerpolicy=\"strict-origin-when-cross-origin\" allowfullscreen><\/iframe>\n<\/div><\/figure>\n","protected":false},"excerpt":{"rendered":"<p>Sin duda alguna mi pasi\u00f3n por la radio est\u00e1 fundamentada en la pr\u00e1ctica de la telegraf\u00eda. Me gustan los concursos de CW, los DX y los simples QSOs donde intercambiar informaci\u00f3n de condiciones de equipos, el tiempo, datos de edad y familiares, etc. Fue la primera modalidad que practiqu\u00e9 tan pronto obtuve mi primer indicativo. &#8230; <a title=\"Curso Telegraf\u00eda\" class=\"read-more\" href=\"https:\/\/ea7or.es\/index.php\/curso-telegrafia\/\" aria-label=\"Leer m\u00e1s sobre Curso Telegraf\u00eda\">Leer m\u00e1s<\/a><\/p>\n","protected":false},"author":1,"featured_media":0,"parent":0,"menu_order":0,"comment_status":"closed","ping_status":"closed","template":"","meta":{"footnotes":""},"class_list":["post-32","page","type-page","status-publish"],"_links":{"self":[{"href":"https:\/\/ea7or.es\/index.php\/wp-json\/wp\/v2\/pages\/32","targetHints":{"allow":["GET"]}}],"collection":[{"href":"https:\/\/ea7or.es\/index.php\/wp-json\/wp\/v2\/pages"}],"about":[{"href":"https:\/\/ea7or.es\/index.php\/wp-json\/wp\/v2\/types\/page"}],"author":[{"embeddable":true,"href":"https:\/\/ea7or.es\/index.php\/wp-json\/wp\/v2\/users\/1"}],"replies":[{"embeddable":true,"href":"https:\/\/ea7or.es\/index.php\/wp-json\/wp\/v2\/comments?post=32"}],"version-history":[{"count":7,"href":"https:\/\/ea7or.es\/index.php\/wp-json\/wp\/v2\/pages\/32\/revisions"}],"predecessor-version":[{"id":45,"href":"https:\/\/ea7or.es\/index.php\/wp-json\/wp\/v2\/pages\/32\/revisions\/45"}],"wp:attachment":[{"href":"https:\/\/ea7or.es\/index.php\/wp-json\/wp\/v2\/media?parent=32"}],"curies":[{"name":"wp","href":"https:\/\/api.w.org\/{rel}","templated":true}]}}